{"id":272,"date":"2023-06-03T15:21:44","date_gmt":"2023-06-03T15:21:44","guid":{"rendered":"https:\/\/www.proeole-be.ch\/?page_id=272"},"modified":"2024-05-28T20:04:48","modified_gmt":"2024-05-28T20:04:48","slug":"medias","status":"publish","type":"page","link":"https:\/\/www.proeole-be.ch\/?page_id=272&lang=fr","title":{"rendered":"M\u00e9dias"},"content":{"rendered":"<h2>Revue de presse<\/h2>\n<p>S\u00e9lection d&rsquo;interventions ProEole BE dans la presse:<\/p>\n<ul>\n<li style=\"list-style-type: none;\">\n<ul>\n<li><a href=\"https:\/\/www.proeole-be.ch\/wp-content\/uploads\/2024\/05\/PEBE.pdf\">22.05.2024: Deuxi\u00e8me chance pour le parc \u00e9olien des 4 Bornes (JDJ, FAC, etc.)<\/a><br \/>\n<a href=\"https:\/\/www.proeole-be.ch\/wp-content\/uploads\/2024\/05\/Communique-de-presse-Sonvilier_Pro_Eole_Berne-19.05.2024.pdf\">=&gt; Communiqu\u00e9 de presse original<\/a><\/li>\n<li><a href=\"https:\/\/www.proeole-be.ch\/wp-content\/uploads\/2024\/05\/FAC_2024-19_2024-05-17_Web.pdf\">17.05.2024: Mesures d&rsquo;encouragement aux \u00e9nergies renouvelables (FAC)<\/a><\/li>\n<li><a href=\"https:\/\/www.canalalpha.ch\/play\/le-match\/episode\/33264\/arc-jurassien-terre-promise-des-eoliennes\">19.03.2024: Arc jurassien: terre promise des \u00e9oliennes? \u00a0(d\u00e9bat Canal Alpha)<\/a><\/li>\n<li><a href=\"https:\/\/www.proeole-be.ch\/wp-content\/uploads\/2023\/11\/BTB-2013.11.17-BTB.pdf\">17.11.2023 &#8211; Ein weitgehend ungenutztes Potenzial im Seeland &#8211; Bielertagblatt<\/a><\/li>\n<li><a href=\"https:\/\/www.proeole-be.ch\/wp-content\/uploads\/2023\/11\/JDJ-2013.11.17-JDJ.pdf\">17.11.2023 &#8211; Potentiel largement sous-exploit\u00e9 &#8211; Journal du Jura\u00a0<\/a><\/li>\n<li><a href=\"https:\/\/www.rjb.ch\/rjb\/Actualite\/Region\/20231115-Informer-la-population-sur-l-urgence-du-developpement-eolien.html\">15.11.2023 &#8211; Informer la population sur l\u2019urgence du d\u00e9veloppement \u00e9olien &#8211; RJB.ch<\/a><\/li>\n<li><a href=\"https:\/\/www.proeole-be.ch\/wp-content\/uploads\/2023\/11\/BT-2023.05.31.pdf\">01.06.2023 &#8211; Schwickert setzt sich mit neuem Verein f\u00fcr Windr\u00e4der ein<\/a><\/li>\n<li><a href=\"https:\/\/www.proeole-be.ch\/wp-content\/uploads\/2023\/06\/Quotidien_JU_1-6-2023.pdf\" target=\"_blank\" rel=\"noopener\">01.06.2023 &#8211; Une association voit le jour &#8211;\u00a0 Quotidien du Jura du 1er juin 2023<\/a><\/li>\n<li><a href=\"https:\/\/www.proeole-be.ch\/wp-content\/uploads\/2023\/06\/Journal_JU_1-6-2023.pdf\" target=\"_blank\" rel=\"noopener\">01.06.2023 &#8211; L&rsquo;\u00e9olien b\u00e9n\u00e9ficie d&rsquo;un nouveau soutien associatif &#8211; JDJ<\/a><\/li>\n<li><a href=\"https:\/\/web.telebielingue.ch\/fr\/emissions\/info\/2023-05-31\" target=\"_blank\" rel=\"noopener\">31.05.2023 &#8211; INFO du 31 mai 2023 | TeleBielingue<\/a><\/li>\n<li><a href=\"https:\/\/www.rjb.ch\/rjb\/Actualite\/Region\/20230531-Une-nouvelle-association-pour-defendre-l-eolien.html\" target=\"_blank\" rel=\"noopener\">31.05.2023 &#8211; Une nouvelle association pour d\u00e9fendre l\u2019\u00e9olien &#8211; RJB votre radio r\u00e9gionale<\/a><\/li>\n<\/ul>\n<\/li>\n<\/ul>\n<ul>\n<li style=\"list-style-type: none;\"><\/li>\n<\/ul>\n","protected":false},"excerpt":{"rendered":"<p>Revue de presse S\u00e9lection d&rsquo;interventions ProEole BE dans la presse: 22.05.2024: Deuxi\u00e8me chance pour le parc \u00e9olien des 4 Bornes (JDJ, FAC, etc.) =&gt; Communiqu\u00e9 de presse original 17.05.2024: Mesures d&rsquo;encouragement aux \u00e9nergies renouvelables (FAC) 19.03.2024: Arc jurassien: terre promise des \u00e9oliennes? \u00a0(d\u00e9bat Canal Alpha) 17.11.2023 &#8211; Ein weitgehend ungenutztes Potenzial im Seeland &#8211; Bielertagblatt &#8230; <a title=\"M\u00e9dias\" class=\"read-more\" href=\"https:\/\/www.proeole-be.ch\/?page_id=272&#038;lang=fr\" aria-label=\"En savoir plus sur M\u00e9dias\">Lire la suite<\/a><\/p>\n","protected":false},"author":1,"featured_media":0,"parent":0,"menu_order":3,"comment_status":"closed","ping_status":"closed","template":"","meta":{"footnotes":""},"class_list":["post-272","page","type-page","status-publish"],"_links":{"self":[{"href":"https:\/\/www.proeole-be.ch\/index.php?rest_route=\/wp\/v2\/pages\/272","targetHints":{"allow":["GET"]}}],"collection":[{"href":"https:\/\/www.proeole-be.ch\/index.php?rest_route=\/wp\/v2\/pages"}],"about":[{"href":"https:\/\/www.proeole-be.ch\/index.php?rest_route=\/wp\/v2\/types\/page"}],"author":[{"embeddable":true,"href":"https:\/\/www.proeole-be.ch\/index.php?rest_route=\/wp\/v2\/users\/1"}],"replies":[{"embeddable":true,"href":"https:\/\/www.proeole-be.ch\/index.php?rest_route=%2Fwp%2Fv2%2Fcomments&post=272"}],"version-history":[{"count":14,"href":"https:\/\/www.proeole-be.ch\/index.php?rest_route=\/wp\/v2\/pages\/272\/revisions"}],"predecessor-version":[{"id":427,"href":"https:\/\/www.proeole-be.ch\/index.php?rest_route=\/wp\/v2\/pages\/272\/revisions\/427"}],"wp:attachment":[{"href":"https:\/\/www.proeole-be.ch\/index.php?rest_route=%2Fwp%2Fv2%2Fmedia&parent=272"}],"curies":[{"name":"wp","href":"https:\/\/api.w.org\/{rel}","templated":true}]}}

Médias

<h2>Revue de presse</h2>
<p>Sélection d&rsquo;interventions ProEole BE dans la presse:</p>
<ul>
<li style="list-style-type: none;">
<ul>
<li><a href="https://www.proeole-be.ch/wp-content/uploads/2024/05/PEBE.pdf">22.05.2024: Deuxième chance pour le parc éolien des 4 Bornes (JDJ, FAC, etc.)</a><br />
<a href="https://www.proeole-be.ch/wp-content/uploads/2024/05/Communique-de-presse-Sonvilier_Pro_Eole_Berne-19.05.2024.pdf">=&gt; Communiqué de presse original</a></li>
<li><a href="https://www.proeole-be.ch/wp-content/uploads/2024/05/FAC_2024-19_2024-05-17_Web.pdf">17.05.2024: Mesures d&rsquo;encouragement aux énergies renouvelables (FAC)</a></li>
<li><a href="https://www.canalalpha.ch/play/le-match/episode/33264/arc-jurassien-terre-promise-des-eoliennes">19.03.2024: Arc jurassien: terre promise des éoliennes?  (débat Canal Alpha)</a></li>
<li><a href="https://www.proeole-be.ch/wp-content/uploads/2023/11/BTB-2013.11.17-BTB.pdf">17.11.2023 &#8211; Ein weitgehend ungenutztes Potenzial im Seeland &#8211; Bielertagblatt</a></li>
<li><a href="https://www.proeole-be.ch/wp-content/uploads/2023/11/JDJ-2013.11.17-JDJ.pdf">17.11.2023 &#8211; Potentiel largement sous-exploité &#8211; Journal du Jura </a></li>
<li><a href="https://www.rjb.ch/rjb/Actualite/Region/20231115-Informer-la-population-sur-l-urgence-du-developpement-eolien.html">15.11.2023 &#8211; Informer la population sur l’urgence du développement éolien &#8211; RJB.ch</a></li>
<li><a href="https://www.proeole-be.ch/wp-content/uploads/2023/11/BT-2023.05.31.pdf">01.06.2023 &#8211; Schwickert setzt sich mit neuem Verein für Windräder ein</a></li>
<li><a href="https://www.proeole-be.ch/wp-content/uploads/2023/06/Quotidien_JU_1-6-2023.pdf" target="_blank" rel="noopener">01.06.2023 &#8211; Une association voit le jour &#8211;  Quotidien du Jura du 1er juin 2023</a></li>
<li><a href="https://www.proeole-be.ch/wp-content/uploads/2023/06/Journal_JU_1-6-2023.pdf" target="_blank" rel="noopener">01.06.2023 &#8211; L&rsquo;éolien bénéficie d&rsquo;un nouveau soutien associatif &#8211; JDJ</a></li>
<li><a href="https://web.telebielingue.ch/fr/emissions/info/2023-05-31" target="_blank" rel="noopener">31.05.2023 &#8211; INFO du 31 mai 2023 | TeleBielingue</a></li>
<li><a href="https://www.rjb.ch/rjb/Actualite/Region/20230531-Une-nouvelle-association-pour-defendre-l-eolien.html" target="_blank" rel="noopener">31.05.2023 &#8211; Une nouvelle association pour défendre l’éolien &#8211; RJB votre radio régionale</a></li>
</ul>
</li>
</ul>
<ul>
<li style="list-style-type: none;"></li>
</ul>

<p>Revue de presse Sélection d&rsquo;interventions ProEole BE dans la presse: 22.05.2024: Deuxième chance pour le parc éolien des 4 Bornes (JDJ, FAC, etc.) =&gt; Communiqué de presse original 17.05.2024: Mesures d&rsquo;encouragement aux énergies renouvelables (FAC) 19.03.2024: Arc jurassien: terre promise des éoliennes?  (débat Canal Alpha) 17.11.2023 &#8211; Ein weitgehend ungenutztes Potenzial im Seeland &#8211; Bielertagblatt &#8230; <a title="Médias" class="read-more" href="https://www.proeole-be.ch/?page_id=272&#038;lang=fr" aria-label="En savoir plus sur Médias">Lire la suite</a></p>
